{"id":74,"date":"2025-01-10T12:08:15","date_gmt":"2025-01-10T11:08:15","guid":{"rendered":"https:\/\/vorosgeneral.hu\/?page_id=74"},"modified":"2025-01-14T12:46:05","modified_gmt":"2025-01-14T11:46:05","slug":"impresszum","status":"publish","type":"page","link":"https:\/\/vorosgeneral.hu\/?page_id=74","title":{"rendered":"Impresszum"},"content":{"rendered":"\t\t<div data-elementor-type=\"wp-page\" data-elementor-id=\"74\" class=\"elementor elementor-74\" data-elementor-post-type=\"page\">\n\t\t\t\t<div class=\"elementor-element elementor-element-e33234f e-flex e-con-boxed e-con e-parent\" data-id=\"e33234f\" data-element_type=\"container\">\n\t\t\t\t\t<div class=\"e-con-inner\">\n\t\t\t\t<div class=\"elementor-element elementor-element-38614d1 elementor-widget elementor-widget-text-editor\" data-id=\"38614d1\" data-element_type=\"widget\" data-widget_type=\"text-editor.default\">\n\t\t\t\t<div class=\"elementor-widget-container\">\n\t\t\t\t\t\t\t\t\t<h2>Impresszum<\/h2><p>\u00a0<\/p><p>N\u00e9v: V\u00f6r\u00f6s Edv\u00e1rd e.v.<\/p><p>Ad\u00f3sz\u00e1m: 44497569-1-33<br \/>Sz\u00e9khely: 2017 P\u00f3csmegyer, Arany J\u00e1nos utca 7\/a<br \/>E-mail: vorosgeneral@gmail.com<br \/>Telefonsz\u00e1m: +36-30-488-0635<\/p>\t\t\t\t\t\t\t\t<\/div>\n\t\t\t\t<\/div>\n\t\t\t\t\t<\/div>\n\t\t\t\t<\/div>\n\t\t\t\t<\/div>\n\t\t","protected":false},"excerpt":{"rendered":"<p>Impresszum \u00a0 N\u00e9v: V\u00f6r\u00f6s Edv\u00e1rd e.v. Ad\u00f3sz\u00e1m: 44497569-1-33Sz\u00e9khely: 2017 P\u00f3csmegyer, Arany J\u00e1nos utca 7\/aE-mail: vorosgeneral@gmail.comTelefonsz\u00e1m: +36-30-488-0635<\/p>\n","protected":false},"author":1,"featured_media":0,"parent":0,"menu_order":0,"comment_status":"closed","ping_status":"closed","template":"elementor_header_footer","meta":{"footnotes":""},"class_list":["post-74","page","type-page","status-publish"],"_links":{"self":[{"href":"https:\/\/vorosgeneral.hu\/index.php?rest_route=\/wp\/v2\/pages\/74","targetHints":{"allow":["GET"]}}],"collection":[{"href":"https:\/\/vorosgeneral.hu\/index.php?rest_route=\/wp\/v2\/pages"}],"about":[{"href":"https:\/\/vorosgeneral.hu\/index.php?rest_route=\/wp\/v2\/types\/page"}],"author":[{"embeddable":true,"href":"https:\/\/vorosgeneral.hu\/index.php?rest_route=\/wp\/v2\/users\/1"}],"replies":[{"embeddable":true,"href":"https:\/\/vorosgeneral.hu\/index.php?rest_route=%2Fwp%2Fv2%2Fcomments&post=74"}],"version-history":[{"count":4,"href":"https:\/\/vorosgeneral.hu\/index.php?rest_route=\/wp\/v2\/pages\/74\/revisions"}],"predecessor-version":[{"id":154,"href":"https:\/\/vorosgeneral.hu\/index.php?rest_route=\/wp\/v2\/pages\/74\/revisions\/154"}],"wp:attachment":[{"href":"https:\/\/vorosgeneral.hu\/index.php?rest_route=%2Fwp%2Fv2%2Fmedia&parent=74"}],"curies":[{"name":"wp","href":"https:\/\/api.w.org\/{rel}","templated":true}]}}